) = 4*w + 1. Let d be s(0). Let q be (7 - -2 - d)*(0 - 1). Is 12*37 - ((q - -2) + 5) a composite number?
True
Let a = 649 - -1306. Let u = a - -24182. Is u a composite number?
True
Let l(j) be the second derivative of -395*j**3/6 - 56*j**2 - 57*j. Is l(-6) a prime number?
False
Suppose 5*r + 6813 = 2*c, -10222 = -3*c + 58*r - 53*r. Is c a prime number?
False
Suppose -4*f - 3*l = -68826, 2*f - 42*l = -46*l + 34408. Suppose 19982 + f = 10*g. Is g a composite number?
False
Let k(g) = -2*g - 26. Let c be k(-18). Suppose c*w = 4*w + 12. Is (-5058)/(-27) + w/(-6) composite?
True
Let q(b) = 47*b**3 + 7*b**2 - 8*b + 9. Let j be q(4). Suppose 0 = -5*k, -4*d + 5731 + j = -4*k. Is d a prime number?
True
Suppose -4*t = -4*x - 570600, 4*x - 63 + 35 = 0. Is t a composite number?
False
Let h(l) be the first derivative of -l**2/2 + 10*l - 8. Let g be h(7). Suppose 4*m - m = -g*k + 1128, -5*k + 1925 = -4*m. Is k a prime number?
False
Let d be (-14)/21*(0 + 3/2). Let f be d/4 - 117/(-36). Suppose 422 = 2*i + 3*i - 3*b, -f*b = -i + 94. Is i prime?
False
Let m(l) = -9233*l + 1627. Is m(-10) a prime number?
False
Suppose 8*v - 1831697 = -209*v. Is v a composite number?
True
Suppose 3*c - 4*r = 369933, 1201*c + 616555 = 1206*c - r. Is c prime?
True
Let u(t) = 2*t**2 + t + 109. Let j(a) = -3*a + 1. Let z be j(1). Let s be (-3 - (0/2 + z))*0. Is u(s) a prime number?
True
Let i(c) = -26*c**3 + 13*c**2 - 32*c - 78. Is i(-17) a composite number?
True
Let v(x) = -34*x**2 + 11*x + 41. Let n be v(-6). Let q = n - -1812. Suppose 1802 = 3*h + q. Is h a prime number?
False
Let v(g) = -700*g**2 - 4*g. Let h be v(-3). Let r = h + 34401. Is r prime?
False
Suppose 0 = 4*h - 3*m - 436711, -30*m + 5 = -35*m. Is h composite?
True
Let i = 40 - -3. Suppose -i*a = -48*a + 33365. Is a a composite number?
False
Let f be (-772)/(-10)*(-11275)/(-110). Suppose 0 = -2*v - o + f, -22*o = v - 24*o - 3959. Is v composite?
True
Suppose 2*s - 5*s - o - 41 = 0, 22 = -2*s + 2*o. Let j(n) = -n - 5. Let v be j(s). Let k(y) = 45*y**2 - 43*y + 7. Is k(v) a prime number?
True
Suppose -4*g + 13736522 = 69*g + 13*g. Is g prime?
False
Suppose -v = 4*o + 11 - 32, -o = -5*v + 21. Suppose -3*z + 1329 = -z - 5*d, 3*d - 3307 = -v*z. Is z prime?
False
Let l = 251190 - 164159. Let f = l - 49974. Is f prime?
True
Let v(y) = -6595*y - 22. Let c be v(-4). Is (-2)/((-28)/c) - (-4)/14 a prime number?
False
Is ((4 + -8)*(-5)/(-20))/((-2)/628510) a composite number?
True
Let n(l) = 17*l**2 + 14*l + 30. Let t be 1*-34*(9/6 + -1). Is n(t) a composite number?
True
Let d = 84 - 84. Suppose -k + 2556 = 6*m - m, d = 2*k - 2*m - 5100. Is k a prime number?
True
Let b be (2 + (-5)/2)*2*-2. Let d(s) = 3 - 3 + 2720*s - 3 + b. Is d(1) a prime number?
True
Let d(m) = -2*m + 14. Let a(c) = c**3 - 6*c**2 + 7. Let l be a(6). Let p be d(l). Suppose p = 3*g - 7342 - 197. Is g a prime number?
False
Let f(w) = 3*w**2 - 5*w + 2. Let p be f(2). Suppose -4*o - p*q = -8320, 2*o + 5*q + 0*q - 4172 = 0. Suppose -3*z + o = z. Is z composite?
True
Let j = -17567 - -32752. Is j a prime number?
False
Suppose 27915 = -l - 5*z + 111779, -2*l = -5*z - 167713. Suppose -2*n + 23 = 27, -2*n = -5*u + l. Is u a composite number?
True
Let n(f) = -35*f - 14. Let q be n(-10). Let y be (-8 + 3)*q/(-10). Is 4/(-14) + 116136/y composite?
False
Suppose 35 = l + 5*y, 4*l = -12*y + 9*y + 174. Is 51/l - 1 - (-28963)/15 prime?
True
Suppose 0 = -2*v - u + 332970, 5*v + u - 121194 = 711237. Is v a prime number?
True
Suppose -26*l + 29*l = -6819. Let f = l - -7684. Is f a prime number?
False
Let u(z) = 24*z**2 + 7*z + 10799. Is u(0) a composite number?
False
Let c = 1047794 - 575841. Is c composite?
True
Let q(u) = 4394*u**3 - 5*u**2 + 16. Is q(3) composite?
True
Let q(a) = 8*a**3 + 4*a**2 - 15*a + 1. Let n be q(12). Suppose -12*g + 11927 + n = 0. Is g prime?
True
Suppose 5*k + 2*v + 7331 - 199976 = 0, 0 = 3*k - v - 115598. Is k a composite number?
True
Let v = 7 + 20. Let l = 32 - v. Suppose 4*k - k + 4550 = l*u, u - 933 = -4*k. Is u composite?
True
Suppose -157 = 3*p - 160. Is -2 - p/(4/(-33948)) a composite number?
True
Suppose 13681*n + 817340 - 210405 = 13686*n. Is n a prime number?
False
Let q(z) be the third derivative of z**6/120 + z**5/12 + z**4/6 + z**3/3 + 38*z**2. Let s be q(-4). Suppose -7 = -s*n + 171. Is n prime?
True
Let u(w) be the second derivative of w**3/3 - 6*w**2 - 28*w. Let s be u(11). Suppose -s*i + 11*i = 65. Is i prime?
False
Let b(x) = x**3 - 10*x**2 - 119*x + 573. Is b(70) prime?
True
Let l(u) = -395*u + 5. Let b be l(-2). Suppose 5*x - b = 2065. Suppose -x = -n - 201. Is n prime?
False
Let m = -1293 + 2821. Suppose -76*x + m = -68*x. Is x a composite number?
False
Suppose 3*m - 781588 = l, -5*m + 2*l + 473466 + 829183 = 0. Is m prime?
True
Let l = -38 - -47. Suppose -7*j + l*j = -144. Let s = j - -211. Is s a prime number?
True
Let h(g) = -g**3 - 14*g**2 - 21*g - 7. Let m(p) = p**2 + 21*p + 73. Let y be m(-15). Is h(y) prime?
True
Let a(d) = -1113*d**3 - 3*d**2 + 306*d + 923. Is a(-3) prime?
True
Let x be (-17004)/27 - (-4)/(-18). Let a = 1394 + x. Let k = a - 45. Is k a prime number?
True
Suppose 3*h + 100041 = 3*a, 3*a = -2*h + 62323 + 37678. Is a a prime number?
False
Let f = 3568 + -1657. Suppose -3*y + 444 + 1495 = k, -k = -4*y - f. Is k a prime number?
False
Let f = -74 - -98. Suppose 0 = f*w - 165738 + 14802. Is w a composite number?
True
Let y(i) = 2938*i**2 - 41*i - 468. Is y(-15) a prime number?
False
Let m(h) = 35364*h + 1171. Is m(7) composite?
False
Suppose -20*h - 42*h = -94*h + 26678240. Is h prime?
False
Suppose 17*l - 8812858 + 2289465 = 0. Is l composite?
False
Suppose -2*y + 5*y - 32293 = 5*r, 3*y + r = 32317. Suppose 3*i = -1054 + y. Is i a prime number?
False
Let n be 13/(-26) + (-585)/(-6). Suppose -10*i = -273 - n. Is i composite?
False
Let b be 84/12 - -6 - -4972. Let y(m) = m + 4. Let p be y(0). Suppose p*i + 1381 = b. Is i a prime number?
False
Let z be 4*50/12*(3 + 3). Suppose -13 = -5*y + 2. Is (-44)/(-4)*(z - y) prime?
False
Suppose -4*c = 5*s - 0*s - 14, -5*c + 2*s = -1. Let r be (-1 + -3361)/(c + 1). Let o = r - -2354. Is o a composite number?
False
Let w = 115 - 111. Suppose w*s = -2*f + 11557 + 2003, -13550 = -4*s + 3*f. Is s composite?
False
Suppose -j - 11338 = -41755. Suppose x + 14700 = w, j = 5*w + 3*x - 43091. Is w a prime number?
False
Let v be (-1)/15 + 18012/855. Suppose -v*q + s = -25*q + 13630, 0 = -q - 2*s + 3411. Is q prime?
True
Suppose -98*j - 5*x + 355952 = -94*j, 4*x + 89009 = j. Is j prime?
True
Let k = -195 + -1600. Let m = -458 - k. Is m prime?
False
Is (-2383264)/(-36) - 5 - 40/(-180) composite?
True
Let i = -309 - -706. Let f(b) = -81*b - 4. Let o be f(-6). Suppose i = 3*m - o. Is m a prime number?
True
Suppose -4*a = -51282 - 160274. Suppose a = 36*j - 52339. Is j a prime number?
False
Let y = 784 + -784. Suppose y = -4*f - 395 + 12103. Is f a prime number?
True
Let c = -35 - -14. Let q = -37 - c. Is q/40 + 1687/5 a composite number?
False
Suppose 0 = 5*y + 25, -68*i - 5644042 = -72*i - 2*y. Is i a composite number?
False
Suppose -j = 4*b - 14, -7*b + 2 = -5*b + 3*j. Suppose -4*c = -16, -5*q + b*c = c - 43. Suppose 0 = 18*r - q*r - 4683. Is r composite?
True
Let z(u) = -18*u + 165. Let l be z(8). Is 7/(l/(-9)) + 195248/8 a prime number?
False
Suppose -100*w = -102*w + 5*n + 2625083, -5*w - 5*n + 6562760 = 0. Is w prime?
False
Suppose -456 = -15*m + 9*m. Let g = 78 - m. Let a(z) = 106*z**2 + 5*z - 3. Is a(g) a composite number?
False
Let o = 652 + -742. Is -1 + (-10244)/(-9) - (-20)/o composite?
True
Suppose 4*p - 2*m - 4304 = 0, -p + 720 + 345 = 5*m. Suppose -14010 = -5*c + p. Is c composite?
True
Suppose 0 = -4*p - 5*p + 18. Suppose -11*g = p*g - 114153. Is g a prime number?
False
Suppose -1556053 - 2014776 = -11*n - 1039806. Is n a prime number?
False
Suppose -4*b = -2*b + 6*b. Suppose -4*y = 4*t + 1348 - 6056, 5*y + 20 = b. Is t composite?
False
Let i(b) = 773*b + 843. Is i(16) a composite number?
True
Let o(d) = -7622*d - 2213. Is o(-3) a composite number?
True
Let h(q) = -q - 31. Let g be h(-16). Let s be ((-9)/g - 1) + 50099/35. Let b = -820 + s. Is b prime?
False
Let s = -11320 + 7065. Let v = s - -7101. Is v a composite number?
True
Suppose -3*b + 2031035 = 2*o, 5*b = 2*o - 